 are the prime factors of k(w)?
2, 3, 5
Let m = -3 - -1. Let s(r) be the second derivative of r**4/4 - r**2/2 + 2*r. What are the prime factors of s(m)?
11
Suppose -3*z - 1212 = -3*o, -6*z + z + 1204 = 3*o. What are the prime factors of o?
13, 31
Suppose -144 = -2*z - 0*z - 4*y, -4*z - 4*y + 284 = 0. Suppose -5*w = 5*c - z, w = 2*w + 5*c - 6. List the prime factors of w.
2
Suppose 2*w = 106 + 34. What are the prime factors of w?
2, 5, 7
Let g be (3 + -2)*1*5. Suppose 3*z = -3*c - 2*z - 10, -g*c + 2*z - 58 = 0. Let f = c - -15. What are the prime factors of f?
5
Suppose -17*s - 99 = -18*s. What are the prime factors of s?
3, 11
Let g(m) = m**2 + 2*m + 1. Let u be g(-3). Suppose -u*z + 5 = -19. Suppose -z = -2*i + 8. What are the prime factors of i?
7
Suppose -6 = 47*a - 50*a. Let d(p) = 4*p**2 - 3 - 3*p**2 + 1. What are the prime factors of d(a)?
2
Suppose -v + 2 + 1 = 0. Let b = -1 + v. Suppose -6 = b*f, -5*f + f = 2*p. List the prime factors of p.
2, 3
Suppose 762 - 287 = 5*i. What are the prime factors of i?
5, 19
Suppose -2*y + 125 = 2*y - 3*t, 0 = t - 5. Let k be 4 + (-10)/15*3. Suppose -3*g - k*g = -y. What are the prime factors of g?
7
Let j = 108 - 2. What are the prime factors of j?
2, 53
Let x = 52 + -33. What are the prime factors of x?
19
Suppose 0 = -6*p - 7 + 187. What are the prime factors of 4/(-5)*p/(-4)?
2, 3
Let x = -27 + 53. List the prime factors of x.
2, 13
Let q(m) = m**3 + 11*m**2 - 8*m + 27. What are the prime factors of q(-11)?
5, 23
Let l(c) = -14*c + 1. Let x be l(-3). Let g = -28 + x. What are the prime factors of g?
3, 5
Let m = 48 - 18. List the prime factors of m.
2, 3, 5
Suppose -2*a + 2 = 0, -5*a + 1 + 0 = 2*t. Let p be -27*t/15*5. What are the prime factors of (-6)/27 + 184/p?
2, 5
Let v be -36*(-8)/15*5. Let f = -51 + v. List the prime factors of f.
3, 5
Let j(v) = -v**3 - 4*v**2 + 7*v - 4. Let i be j(-6). Suppose -776 = 2*d - 4*u, 3*d + 416 = 2*d - 5*u. List the prime factors of (-4)/i + d/(-39).
2, 5
Let w = 317 - 596. What are the prime factors of w/(-36) - 6/8?
7
Suppose 2*f + 0 = 4. Suppose -f*x + 3*x + 21 = 2*c, 3*c - 32 = 2*x. List the prime factors of c.
2, 5
Let n be ((-4)/6)/((-4)/18). Let w(q) = q**3 - 2*q**2 + 2*q + 1. Let u be w(n). Suppose -y = -3*y + u. List the prime factors of y.
2
Suppose 0 = 3*u - 5*u + 3*c + 154, 4*c + 378 = 5*u. What are the prime factors of u?
2, 37
Let x(u) = 2*u**2 + 33*u. List the prime factors of x(-17).
17
Suppose -4*p + 301 - 25 = 0. List the prime factors of p.
3, 23
Let m(x) = -x**3 - 5*x**2 - 8*x - 11. List the prime factors of m(-5).
29
Let v be (-4)/10 + 84/10. Suppose -36 = -2*y + v. List the prime factors of y.
2, 11
Suppose -5*h - 5*g = -150, g - 20 = 5*g. List the prime factors of h.
5, 7
Let v be (-4)/6 + (-2)/(-3). Let a(s) = -2*s**2 + 21*s - 7. Let g be a(10). Suppose v*z = -z + g. What are the prime factors of z?
3
Suppose -10 = -5*n, -4 - 15 = -a - 5*n. What are the prime factors of a?
3
List the prime factors of (-5 - 411/15)/((-4)/10).
3
Let q(f) = 3*f - 4. Let y(v) = v**3 + v**2 - 3*v + 3. Let b be y(2). Let s(r) = 2*r - 10. Let t be s(b). What are the prime factors of q(t)?
2, 5
Let c(h) = -h**3 + 7*h**2 - 6*h - 5. Let r(w) = -w**2 + 10*w - 4. Let p be r(9). List the prime factors of c(p).
3, 5
Let y = 7 - -2. Let l = y - 3. Suppose c - 5*g = -c - l, -5*g + 20 = 0. What are the prime factors of c?
7
Let j(n) = -n + 1. Let k(o) = 2*o**2 + o - 1. Let d(f) = -2*j(f) + k(f). Let t(u) = u**3 + 8*u**2 + u + 5. Let p be t(-8). List the prime factors of d(p).
2, 3
Let k(o) = -o**3 + 10*o**2 + 4*o + 13. What are the prime factors of k(5)?
2, 79
Suppose -l + 24 = -2*i + 109, 4*l = -2*i + 60. What are the prime factors of 7/(-2)*i/(-14)?
2, 5
Suppose 4*a + 2*q = 6, -2*a + 3*q - 9 = -0*q. Suppose a = 2*l - 4*u + 6, 2*l + u - 9 = -0*l. Suppose -2*x = -9 - l. What are the prime factors of x?
2, 3
Let p = -115 + 192. List the prime factors of p.
7, 11
Let j = -2 + 4. Suppose -5*t - 4*v = -16, v - 11 = -t - j*t. Suppose 3*a - 4*x - 58 = 0, -t*a - x = -26 - 26. What are the prime factors of a?
2, 7
Let u(a) = 4*a**2 - 4*a - 5. List the prime factors of u(-2).
19
Let h be 3/2*1*4. Let s = 0 - -6. Let n = s + h. List the prime factors of n.
2, 3
Let k(v) = v**2 - v - 3. Let h(y) = -y - 1. Let c be h(-4). List the prime factors of k(c).
3
Let i(d) = 1 - 6 - 2*d + 9 + 5. List the prime factors of i(-7).
23
What are the prime factors of (5 + -4)*(0 + 38)?
2, 19
List the prime factors of (-28)/(-126) - (-376)/9.
2, 3, 7
Suppose 0 = -3*t + 6. Suppose -2*h - t*h = -32. What are the prime factors of h?
2
Let b = 38 + -19. Suppose -j = -14 - b. Suppose o + 55 = 4*y, -3*y + 0*o = 2*o - j. List the prime factors of y.
13
Let r = 210 - 129. List the prime factors of r.
3
Let o be (-9)/(-6) + (-74)/(-4). Suppose -r + o = r. List the prime factors of r.
2, 5
Let y be (-70)/(-8) + 8/32. Suppose -y = 4*r - 89. What are the prime factors of r?
2, 5
Let j(x) = 42*x**2 - x - 2. List the prime factors of j(-1).
41
Let p(b) = 3*b**2 + 10*b - 12*b - b**3 + 2*b**3 + 2. Suppose 2*y = -3*y - 15. What are the prime factors of p(y)?
2
Suppose -2 = 5*m - 17. Suppose -4*i + 4 = -m*i. List the prime factors of i.
2
Let m(k) = -3*k + 3. What are the prime factors of m(-2)?
3
Let u(k) = 0*k - k**2 - 2 - k - 6*k. Let c be u(-5). What are the prime factors of (-1)/(-4) + 142/c?
2, 3
Let y be (-9)/(-1)*(-20)/(-6). Suppose 8*d = 3*d + y. Suppose -30 = w - d*w. What are the prime factors of w?
2, 3
Suppose 23 = 2*u - 1. Let w = -2 + u. What are the prime factors of w?
2, 5
Let p(y) = 16*y - 12. What are the prime factors of p(13)?
2, 7
Let q be 3/12 + 553/(-4). Let v be (-12)/9*q/4. Suppose 4*h + 5*t - v = 14, 0 = 3*h + t - 34. What are the prime factors of h?
2, 5
What are the prime factors of (0 + -6)*(2 - (-152)/(-12))?
2
Suppose 0 = 4*l + y - 560, -2*l = 3*y + y - 294. List the prime factors of l.
139
Let q(j) = -1 - j + 37*j**2 - j + 2*j. Let g be q(1). Suppose -10 = -2*i + g. List the prime factors of i.
23
Suppose 0 = -3*b + 4*f + 352, -2*f + 6 = -4. List the prime factors of b.
2, 31
Suppose -4*u - 5*n + 14 = -218, -269 = -5*u - n. What are the prime factors of u?
53
Suppose -v = 3 + 2, 2*v + 210 = 5*a. What are the prime factors of a?
2, 5
Let p(l) = -l**3 + 7*l**2 - 5*l - 2. What are the prime factors of p(6)?
2
Let i = -5 - -2. Let h = i - -10. List the prime factors of h.
7
Suppose -593 = -8*x - 121. What are the prime factors of x?
59
List the prime factors of (-9)/12*1*-4.
3
Let i(m) = m**3 + 8*m**2 - m - 2. Let f(x) = x**2 + 8*x - 1. Let g be f(-7). List the prime factors of i(g).
2, 3
Let g(r) = 6*r**2 - r - 3. List the prime factors of g(-3).
2, 3
Let z = 200 + 17. List the prime factors of z.
7, 31
Suppose 356 = 8*v - 28. List the prime factors of v.
2, 3
Suppose -272 = -4*l - 2*b - 2*b, 0 = 4*l - 3*b - 265. List the prime factors of l.
67
Suppose 0 = -13*t + 7*t + 276. List the prime factors of t.
2, 23
Let n = -4 + 7. Let r(y) = 0*y - n*y + 0 + 0 - 3. List the prime factors of r(-3).
2, 3
Let a be (1*-1)/(4/(-8)). Let p be (a + -8)/(-1) - -1. What are the prime factors of p*(0 - 1/(-1))?
7
Suppose -5*f + 66 = -2*f. Suppose n - 21 = 3*b, -2*n - 4*b + 30 = -f. What are the prime factors of n?
2, 3
Let g be ((-15)/(-10))/((-2)/44). Let l = 59 + g. List the prime factors of l.
2, 13
Let c = 2 + 4. Suppose -17 = 3*x + 5*t - 2, 2*t = 3*x - c. Suppose x*h - 26 = -2*h. What are the prime factors of h?
13
Let c be (-528)/54 - (-4)/(-18). Let m(q) = -q + 3. List the prime factors of m(c).
13
Suppose 4*h = 3*x - 28, -x - 2*h = -2*x + 8. Suppose -9*c = -x*c + 150. What are the prime factors of c?
2, 5
Let n(m) = -5*m + 7*m**2 - 1 + 2*m**2 - 3*m**2 - 4*m**2. Let f be n(5). Suppose -p = 2*p - f. What are the prime factors of p?
2
Let m be 30/3*(-4)/(-10). Suppose 2*p + 0*y - 4*y = 26, -5*p + m*y + 65 = 0. What are the prime factors of p?
13
Let v(f) = -3*f**2 + 5*f - 3. Let d(g) = -g**2. Let b(i) = 4*d(i) - v(i). List the prime factors of b(-4).
7
Let g(m) = 5*m**2 + 10*m - 3. List the prime factors of g(-8).
3, 79
Suppose -3*w = -c - 3*c - 29, 2*w - 3*c - 20 = 0. List the prime factors of w.
7
Let m(z) = z**3 + 22*z**2 - 4*z + 42. List the prime factors of m(-22).
2, 5, 13
Suppose 0 = 3*y 